{"id":459,"date":"2021-12-31T10:54:19","date_gmt":"2021-12-31T09:54:19","guid":{"rendered":"https:\/\/vacances-arbanaises.com\/index.php\/activites-dans-la-region\/tour-en-bateau-autour-des-iles\/"},"modified":"2021-12-31T10:54:19","modified_gmt":"2021-12-31T09:54:19","slug":"tour-en-bateau-autour-des-iles","status":"publish","type":"page","link":"https:\/\/www.vacances-arbanaises.com\/index.php\/activites-dans-la-region\/tour-en-bateau-autour-des-iles\/","title":{"rendered":"Tour en bateau autour des \u00eeles"},"content":{"rendered":"<p>Des excursions en bateau pour vous faire plaisir? D\u00e9couvrez les \u00eeles de Porquerolles et Port-Cros lors d&rsquo;une excursion en bateau \u00e0 la journ\u00e9e au d\u00e9part de Hy\u00e8res !<\/p>\n<p><!--more--><\/p>\n<p>Louez un bateau priv\u00e9 \u00e0 \u00ab\u00a0Route du Sud\u00a0\u00bb et demandez Nicolas. Il vous donnera les conseils n\u00e9cessaires pour profiter de votre journ\u00e9e de navigation \u00e0 l&rsquo;int\u00e9rieur de la baie. Profitez des couleurs de la plage de l&rsquo;Estagnol, puis naviguez jusqu&rsquo;\u00e0 la baie de Port Man de Port-Cros pour un d\u00e9jeuner sur le bateau. Apr\u00e8s un moment de d\u00e9tente &#8211; et m\u00eame un saut dans les eaux cristallines poissonneuses &#8211; naviguez jusqu&rsquo;\u00e0 la plage Notre Dame de Porquerolles pour passer le reste de votre journ\u00e9e.<\/p>\n<p>Pour faire court : la meilleure journ\u00e9e d&rsquo;\u00e9t\u00e9 de tous les temps !<\/p>\n\n<figure class=\"wp-block-gallery columns-3 is-cropped wp-block-gallery-1 is-layout-flex wp-block-gallery-is-layout-flex\"><ul class=\"blocks-gallery-grid\"><li class=\"blocks-gallery-item\"><figure><img data-recalc-dims=\"1\" loading=\"lazy\" decoding=\"async\" width=\"769\" height=\"577\" src=\"https:\/\/i0.wp.com\/www.vacances-arbanaises.com\/wp-content\/uploads\/2021\/12\/IMG_0762-1024x768.jpeg?resize=769%2C577&#038;ssl=1\" alt=\"\" data-id=\"310\" data-full-url=\"https:\/\/www.vacances-arbanaises.com\/wp-content\/uploads\/2021\/12\/IMG_0762-scaled.jpeg\" data-link=\"https:\/\/www.vacances-arbanaises.com\/index.php\/home\/img_0762\/\" class=\"wp-image-311\" srcset=\"https:\/\/i0.wp.com\/www.vacances-arbanaises.com\/wp-content\/uploads\/2021\/12\/IMG_0762-scaled.jpeg?resize=1024%2C768&amp;ssl=1 1024w, https:\/\/i0.wp.com\/www.vacances-arbanaises.com\/wp-content\/uploads\/2021\/12\/IMG_0762-scaled.jpeg?resize=300%2C225&amp;ssl=1 300w, https:\/\/i0.wp.com\/www.vacances-arbanaises.com\/wp-content\/uploads\/2021\/12\/IMG_0762-scaled.jpeg?resize=768%2C576&amp;ssl=1 768w, https:\/\/i0.wp.com\/www.vacances-arbanaises.com\/wp-content\/uploads\/2021\/12\/IMG_0762-scaled.jpeg?resize=1536%2C1152&amp;ssl=1 1536w, https:\/\/i0.wp.com\/www.vacances-arbanaises.com\/wp-content\/uploads\/2021\/12\/IMG_0762-scaled.jpeg?resize=2048%2C1536&amp;ssl=1 2048w, https:\/\/i0.wp.com\/www.vacances-arbanaises.com\/wp-content\/uploads\/2021\/12\/IMG_0762-scaled.jpeg?resize=2000%2C1500&amp;ssl=1 2000w, https:\/\/i0.wp.com\/www.vacances-arbanaises.com\/wp-content\/uploads\/2021\/12\/IMG_0762-scaled.jpeg?resize=824%2C618&amp;ssl=1 824w, https:\/\/i0.wp.com\/www.vacances-arbanaises.com\/wp-content\/uploads\/2021\/12\/IMG_0762-scaled.jpeg?w=2307&amp;ssl=1 2307w\" sizes=\"auto, (max-width: 769px) 100vw, 769px\" \/><\/figure><\/li><li class=\"blocks-gallery-item\"><figure><img data-recalc-dims=\"1\" loading=\"lazy\" decoding=\"async\" width=\"769\" height=\"577\" src=\"https:\/\/i0.wp.com\/www.vacances-arbanaises.com\/wp-content\/uploads\/2021\/12\/IMG_0776-1024x768.jpeg?resize=769%2C577&#038;ssl=1\" alt=\"\" data-id=\"304\" data-full-url=\"https:\/\/www.vacances-arbanaises.com\/wp-content\/uploads\/2021\/12\/IMG_0776-scaled.jpeg\" data-link=\"https:\/\/www.vacances-arbanaises.com\/index.php\/home\/img_0776\/\" class=\"wp-image-305\" srcset=\"https:\/\/i0.wp.com\/www.vacances-arbanaises.com\/wp-content\/uploads\/2021\/12\/IMG_0776-scaled.jpeg?resize=1024%2C768&amp;ssl=1 1024w, https:\/\/i0.wp.com\/www.vacances-arbanaises.com\/wp-content\/uploads\/2021\/12\/IMG_0776-scaled.jpeg?resize=300%2C225&amp;ssl=1 300w, https:\/\/i0.wp.com\/www.vacances-arbanaises.com\/wp-content\/uploads\/2021\/12\/IMG_0776-scaled.jpeg?resize=768%2C576&amp;ssl=1 768w, https:\/\/i0.wp.com\/www.vacances-arbanaises.com\/wp-content\/uploads\/2021\/12\/IMG_0776-scaled.jpeg?resize=1536%2C1152&amp;ssl=1 1536w, https:\/\/i0.wp.com\/www.vacances-arbanaises.com\/wp-content\/uploads\/2021\/12\/IMG_0776-scaled.jpeg?resize=2048%2C1536&amp;ssl=1 2048w, https:\/\/i0.wp.com\/www.vacances-arbanaises.com\/wp-content\/uploads\/2021\/12\/IMG_0776-scaled.jpeg?resize=2000%2C1500&amp;ssl=1 2000w, https:\/\/i0.wp.com\/www.vacances-arbanaises.com\/wp-content\/uploads\/2021\/12\/IMG_0776-scaled.jpeg?resize=824%2C618&amp;ssl=1 824w, https:\/\/i0.wp.com\/www.vacances-arbanaises.com\/wp-content\/uploads\/2021\/12\/IMG_0776-scaled.jpeg?w=2307&amp;ssl=1 2307w\" sizes=\"auto, (max-width: 769px) 100vw, 769px\" \/><\/figure><\/li><li class=\"blocks-gallery-item\"><figure><img data-recalc-dims=\"1\" loading=\"lazy\" decoding=\"async\" width=\"769\" height=\"577\" src=\"https:\/\/i0.wp.com\/www.vacances-arbanaises.com\/wp-content\/uploads\/2021\/12\/IMG_0771-1024x768.jpeg?resize=769%2C577&#038;ssl=1\" alt=\"\" data-id=\"306\" data-full-url=\"https:\/\/www.vacances-arbanaises.com\/wp-content\/uploads\/2021\/12\/IMG_0771-scaled.jpeg\" data-link=\"https:\/\/www.vacances-arbanaises.com\/index.php\/home\/img_0771\/\" class=\"wp-image-307\" srcset=\"https:\/\/i0.wp.com\/www.vacances-arbanaises.com\/wp-content\/uploads\/2021\/12\/IMG_0771-scaled.jpeg?resize=1024%2C768&amp;ssl=1 1024w, https:\/\/i0.wp.com\/www.vacances-arbanaises.com\/wp-content\/uploads\/2021\/12\/IMG_0771-scaled.jpeg?resize=300%2C225&amp;ssl=1 300w, https:\/\/i0.wp.com\/www.vacances-arbanaises.com\/wp-content\/uploads\/2021\/12\/IMG_0771-scaled.jpeg?resize=768%2C576&amp;ssl=1 768w, https:\/\/i0.wp.com\/www.vacances-arbanaises.com\/wp-content\/uploads\/2021\/12\/IMG_0771-scaled.jpeg?resize=1536%2C1152&amp;ssl=1 1536w, https:\/\/i0.wp.com\/www.vacances-arbanaises.com\/wp-content\/uploads\/2021\/12\/IMG_0771-scaled.jpeg?resize=2048%2C1536&amp;ssl=1 2048w, https:\/\/i0.wp.com\/www.vacances-arbanaises.com\/wp-content\/uploads\/2021\/12\/IMG_0771-scaled.jpeg?resize=2000%2C1500&amp;ssl=1 2000w, https:\/\/i0.wp.com\/www.vacances-arbanaises.com\/wp-content\/uploads\/2021\/12\/IMG_0771-scaled.jpeg?resize=824%2C618&amp;ssl=1 824w, https:\/\/i0.wp.com\/www.vacances-arbanaises.com\/wp-content\/uploads\/2021\/12\/IMG_0771-scaled.jpeg?w=2307&amp;ssl=1 2307w\" sizes=\"auto, (max-width: 769px) 100vw, 769px\" \/><\/figure><\/li><li class=\"blocks-gallery-item\"><figure><img data-recalc-dims=\"1\" loading=\"lazy\" decoding=\"async\" width=\"769\" height=\"577\" src=\"https:\/\/i0.wp.com\/www.vacances-arbanaises.com\/wp-content\/uploads\/2021\/12\/IMG_0770-1024x768.jpeg?resize=769%2C577&#038;ssl=1\" alt=\"\" data-id=\"308\" data-full-url=\"https:\/\/www.vacances-arbanaises.com\/wp-content\/uploads\/2021\/12\/IMG_0770-scaled.jpeg\" data-link=\"https:\/\/www.vacances-arbanaises.com\/index.php\/home\/img_0770\/\" class=\"wp-image-309\" srcset=\"https:\/\/i0.wp.com\/www.vacances-arbanaises.com\/wp-content\/uploads\/2021\/12\/IMG_0770-scaled.jpeg?resize=1024%2C768&amp;ssl=1 1024w, https:\/\/i0.wp.com\/www.vacances-arbanaises.com\/wp-content\/uploads\/2021\/12\/IMG_0770-scaled.jpeg?resize=300%2C225&amp;ssl=1 300w, https:\/\/i0.wp.com\/www.vacances-arbanaises.com\/wp-content\/uploads\/2021\/12\/IMG_0770-scaled.jpeg?resize=768%2C576&amp;ssl=1 768w, https:\/\/i0.wp.com\/www.vacances-arbanaises.com\/wp-content\/uploads\/2021\/12\/IMG_0770-scaled.jpeg?resize=1536%2C1152&amp;ssl=1 1536w, https:\/\/i0.wp.com\/www.vacances-arbanaises.com\/wp-content\/uploads\/2021\/12\/IMG_0770-scaled.jpeg?resize=2048%2C1536&amp;ssl=1 2048w, https:\/\/i0.wp.com\/www.vacances-arbanaises.com\/wp-content\/uploads\/2021\/12\/IMG_0770-scaled.jpeg?resize=2000%2C1500&amp;ssl=1 2000w, https:\/\/i0.wp.com\/www.vacances-arbanaises.com\/wp-content\/uploads\/2021\/12\/IMG_0770-scaled.jpeg?resize=824%2C618&amp;ssl=1 824w, https:\/\/i0.wp.com\/www.vacances-arbanaises.com\/wp-content\/uploads\/2021\/12\/IMG_0770-scaled.jpeg?w=2307&amp;ssl=1 2307w\" sizes=\"auto, (max-width: 769px) 100vw, 769px\" \/><\/figure><\/li><li class=\"blocks-gallery-item\"><figure><img data-recalc-dims=\"1\" loading=\"lazy\" decoding=\"async\" width=\"769\" height=\"924\" src=\"https:\/\/i0.wp.com\/www.vacances-arbanaises.com\/wp-content\/uploads\/2021\/12\/IMG_0358-852x1024.jpeg?resize=769%2C924&#038;ssl=1\" alt=\"\" data-id=\"412\" data-full-url=\"https:\/\/www.vacances-arbanaises.com\/wp-content\/uploads\/2021\/12\/IMG_0358-scaled.jpeg\" data-link=\"https:\/\/www.vacances-arbanaises.com\/index.php\/activities\/scubadiving\/img_0358\/\" class=\"wp-image-413\" srcset=\"https:\/\/i0.wp.com\/www.vacances-arbanaises.com\/wp-content\/uploads\/2021\/12\/IMG_0358-scaled.jpeg?resize=852%2C1024&amp;ssl=1 852w, https:\/\/i0.wp.com\/www.vacances-arbanaises.com\/wp-content\/uploads\/2021\/12\/IMG_0358-scaled.jpeg?resize=250%2C300&amp;ssl=1 250w, https:\/\/i0.wp.com\/www.vacances-arbanaises.com\/wp-content\/uploads\/2021\/12\/IMG_0358-scaled.jpeg?resize=768%2C923&amp;ssl=1 768w, https:\/\/i0.wp.com\/www.vacances-arbanaises.com\/wp-content\/uploads\/2021\/12\/IMG_0358-scaled.jpeg?resize=1278%2C1536&amp;ssl=1 1278w, https:\/\/i0.wp.com\/www.vacances-arbanaises.com\/wp-content\/uploads\/2021\/12\/IMG_0358-scaled.jpeg?resize=1704%2C2048&amp;ssl=1 1704w, https:\/\/i0.wp.com\/www.vacances-arbanaises.com\/wp-content\/uploads\/2021\/12\/IMG_0358-scaled.jpeg?resize=2000%2C2403&amp;ssl=1 2000w, https:\/\/i0.wp.com\/www.vacances-arbanaises.com\/wp-content\/uploads\/2021\/12\/IMG_0358-scaled.jpeg?resize=514%2C618&amp;ssl=1 514w, https:\/\/i0.wp.com\/www.vacances-arbanaises.com\/wp-content\/uploads\/2021\/12\/IMG_0358-scaled.jpeg?w=1538&amp;ssl=1 1538w\" sizes=\"auto, (max-width: 769px) 100vw, 769px\" \/><\/figure><\/li><li class=\"blocks-gallery-item\"><figure><img data-recalc-dims=\"1\" loading=\"lazy\" decoding=\"async\" width=\"769\" height=\"577\" src=\"https:\/\/i0.wp.com\/www.vacances-arbanaises.com\/wp-content\/uploads\/2021\/12\/IMG_1228.jpeg?resize=769%2C577&#038;ssl=1\" alt=\"\" data-id=\"394\" data-full-url=\"https:\/\/www.vacances-arbanaises.com\/wp-content\/uploads\/2021\/12\/IMG_1228.jpeg\" data-link=\"https:\/\/www.vacances-arbanaises.com\/index.php\/activities\/scubadiving\/img_1228\/\" class=\"wp-image-395\" srcset=\"https:\/\/i0.wp.com\/www.vacances-arbanaises.com\/wp-content\/uploads\/2021\/12\/IMG_1228.jpeg?resize=1024%2C768&amp;ssl=1 1024w, https:\/\/i0.wp.com\/www.vacances-arbanaises.com\/wp-content\/uploads\/2021\/12\/IMG_1228.jpeg?resize=300%2C225&amp;ssl=1 300w, https:\/\/i0.wp.com\/www.vacances-arbanaises.com\/wp-content\/uploads\/2021\/12\/IMG_1228.jpeg?resize=768%2C576&amp;ssl=1 768w, https:\/\/i0.wp.com\/www.vacances-arbanaises.com\/wp-content\/uploads\/2021\/12\/IMG_1228.jpeg?resize=1536%2C1152&amp;ssl=1 1536w, https:\/\/i0.wp.com\/www.vacances-arbanaises.com\/wp-content\/uploads\/2021\/12\/IMG_1228.jpeg?resize=2000%2C1500&amp;ssl=1 2000w, https:\/\/i0.wp.com\/www.vacances-arbanaises.com\/wp-content\/uploads\/2021\/12\/IMG_1228.jpeg?resize=824%2C618&amp;ssl=1 824w, https:\/\/i0.wp.com\/www.vacances-arbanaises.com\/wp-content\/uploads\/2021\/12\/IMG_1228.jpeg?w=2048&amp;ssl=1 2048w\" sizes=\"auto, (max-width: 769px) 100vw, 769px\" \/><\/figure><\/li><\/ul><\/figure>","protected":false},"excerpt":{"rendered":"<p>Des excursions en bateau pour vous faire plaisir? D\u00e9couvrez les \u00eeles de Porquerolles et Port-Cros lors d&rsquo;une excursion en bateau \u00e0 la journ\u00e9e au d\u00e9part de Hy\u00e8res !<\/p>\n","protected":false},"author":1,"featured_media":317,"parent":458,"menu_order":0,"comment_status":"closed","ping_status":"closed","template":"","meta":{"footnotes":""},"class_list":["post-459","page","type-page","status-publish","has-post-thumbnail","hentry"],"jetpack_sharing_enabled":true,"_links":{"self":[{"href":"https:\/\/www.vacances-arbanaises.com\/index.php\/wp-json\/wp\/v2\/pages\/459","targetHints":{"allow":["GET"]}}],"collection":[{"href":"https:\/\/www.vacances-arbanaises.com\/index.php\/wp-json\/wp\/v2\/pages"}],"about":[{"href":"https:\/\/www.vacances-arbanaises.com\/index.php\/wp-json\/wp\/v2\/types\/page"}],"author":[{"embeddable":true,"href":"https:\/\/www.vacances-arbanaises.com\/index.php\/wp-json\/wp\/v2\/users\/1"}],"replies":[{"embeddable":true,"href":"https:\/\/www.vacances-arbanaises.com\/index.php\/wp-json\/wp\/v2\/comments?post=459"}],"version-history":[{"count":1,"href":"https:\/\/www.vacances-arbanaises.com\/index.php\/wp-json\/wp\/v2\/pages\/459\/revisions"}],"predecessor-version":[{"id":460,"href":"https:\/\/www.vacances-arbanaises.com\/index.php\/wp-json\/wp\/v2\/pages\/459\/revisions\/460"}],"up":[{"embeddable":true,"href":"https:\/\/www.vacances-arbanaises.com\/index.php\/wp-json\/wp\/v2\/pages\/458"}],"wp:featuredmedia":[{"embeddable":true,"href":"https:\/\/www.vacances-arbanaises.com\/index.php\/wp-json\/wp\/v2\/media\/317"}],"wp:attachment":[{"href":"https:\/\/www.vacances-arbanaises.com\/index.php\/wp-json\/wp\/v2\/media?parent=459"}],"curies":[{"name":"wp","href":"https:\/\/api.w.org\/{rel}","templated":true}]}}