{"id":559,"date":"2022-01-01T19:14:15","date_gmt":"2022-01-01T18:14:15","guid":{"rendered":"https:\/\/vacances-arbanaises.com\/index.php\/conditions-de-location\/"},"modified":"2022-01-01T19:14:15","modified_gmt":"2022-01-01T18:14:15","slug":"conditions-de-location","status":"publish","type":"page","link":"https:\/\/www.vacances-arbanaises.com\/index.php\/conditions-de-location\/","title":{"rendered":"Conditions de location"},"content":{"rendered":"\n<pre id=\"tw-target-text\" class=\"wp-block-preformatted\">Bonjour et merci d'avoir choisi notre appartement !\n\nNous sommes tr\u00e8s heureux que vous ayez choisi notre appartement pour votre s\u00e9jour.\n\nAvant de vous installer et de vous installer confortablement, nous souhaitons attirer votre attention sur le r\u00e8glement int\u00e9rieur de ce meubl\u00e9 de tourisme. Les comprendre et les respecter permettra \u00e0 chacun de passer un s\u00e9jour confortable et agr\u00e9able !\n\nUne lecture attentive du r\u00e8glement int\u00e9rieur vous garantit de ne pas b\u00e9n\u00e9ficier d'une r\u00e9duction de votre caution lors de votre d\u00e9part.\n\nTraitez cet appartement avec le m\u00eame respect que le v\u00f4tre. Nous avons mis beaucoup d'efforts pour en faire un espace agr\u00e9able pour votre plaisir.\nVeillez \u00e0 maintenir un bon niveau de propret\u00e9 tout au long de votre s\u00e9jour, cela facilitera grandement votre d\u00e9part ! Et pensez \u00e0 faire la vaisselle !\nEn cas de dommages accidentels, cela peut arriver. Il est essentiel de nous tenir inform\u00e9s imm\u00e9diatement.\nNous esp\u00e9rons que vous aurez beaucoup de rires et de plaisir pendant vos vacances ! Cependant, nous vous serions reconnaissants si vous pouviez prendre soin et limiter le bruit par respect pour les voisins et la copropri\u00e9t\u00e9. Aucune f\u00eate n'est autoris\u00e9e pendant votre s\u00e9jour...\nS'il vous pla\u00eet assurez-vous de lire et de comprendre les r\u00e8gles de la maison au d\u00e9but de votre s\u00e9jour. Si quelque chose n'est pas clair, veuillez nous contacter afin que nous puissions vous l'expliquer plus en d\u00e9tail afin d'\u00e9viter tout malentendu.\nNous vous souhaitons beaucoup de plaisir ! C'est votre p\u00e9riode de vacances et nous esp\u00e9rons que vous profiterez au maximum de notre appartement, de ses \u00e9quipements et de la possibilit\u00e9 de vous d\u00e9tendre et d'explorer les environs. Le site de location vous permettra de s\u00e9lectionner les meilleurs sites \u00e0 visiter.<\/pre>\n\n<p>Vous pouvez \u00eatre int\u00e9gralement rembours\u00e9 si vous annulez votre r\u00e9servation 7 jours avant votre s\u00e9jour. Si vous l&rsquo;annulez avec un pr\u00e9avis de moins de 7 jours, 30% de l&rsquo;acompte sera conserv\u00e9.<\/p>\n\n<p>Le service et les frais de m\u00e9nage sont inclus dans nos prix.<\/p>\n","protected":false},"excerpt":{"rendered":"<p>Bonjour et merci d&rsquo;avoir choisi notre appartement ! Nous sommes tr\u00e8s heureux que vous ayez choisi notre appartement pour votre s\u00e9jour. Avant de vous installer et de vous installer confortablement, nous souhaitons attirer votre attention sur le r\u00e8glement int\u00e9rieur de ce meubl\u00e9 de tourisme. Les comprendre et les respecter permettra \u00e0 chacun de passer un &hellip; <a href=\"https:\/\/www.vacances-arbanaises.com\/index.php\/conditions-de-location\/\" class=\"more-link\">Continue reading<span class=\"screen-reader-text\"> \u00ab\u00a0Conditions de location\u00a0\u00bb<\/span><\/a><\/p>\n","protected":false},"author":1,"featured_media":0,"parent":0,"menu_order":0,"comment_status":"closed","ping_status":"closed","template":"","meta":{"footnotes":""},"class_list":["post-559","page","type-page","status-publish","hentry"],"jetpack_sharing_enabled":true,"_links":{"self":[{"href":"https:\/\/www.vacances-arbanaises.com\/index.php\/wp-json\/wp\/v2\/pages\/559","targetHints":{"allow":["GET"]}}],"collection":[{"href":"https:\/\/www.vacances-arbanaises.com\/index.php\/wp-json\/wp\/v2\/pages"}],"about":[{"href":"https:\/\/www.vacances-arbanaises.com\/index.php\/wp-json\/wp\/v2\/types\/page"}],"author":[{"embeddable":true,"href":"https:\/\/www.vacances-arbanaises.com\/index.php\/wp-json\/wp\/v2\/users\/1"}],"replies":[{"embeddable":true,"href":"https:\/\/www.vacances-arbanaises.com\/index.php\/wp-json\/wp\/v2\/comments?post=559"}],"version-history":[{"count":1,"href":"https:\/\/www.vacances-arbanaises.com\/index.php\/wp-json\/wp\/v2\/pages\/559\/revisions"}],"predecessor-version":[{"id":560,"href":"https:\/\/www.vacances-arbanaises.com\/index.php\/wp-json\/wp\/v2\/pages\/559\/revisions\/560"}],"wp:attachment":[{"href":"https:\/\/www.vacances-arbanaises.com\/index.php\/wp-json\/wp\/v2\/media?parent=559"}],"curies":[{"name":"wp","href":"https:\/\/api.w.org\/{rel}","templated":true}]}}